f 36211929?
9
What is the millions digit of 53136039?
3
What is the millions digit of 142229267?
2
What is the thousands digit of 90902349?
2
What is the thousands digit of 5898516?
8
What is the units digit of 250097383?
3
What is the hundred thousands digit of 6553931?
5
What is the ten thousands digit of 216186904?
8
What is the billions digit of 5358796682?
5
What is the ten millions digit of 525505828?
2
What is the units digit of 53071932?
2
What is the billions digit of 3751079856?
3
What is the millions digit of 94179713?
4
What is the hundreds digit of 492825117?
1
What is the thousands digit of 14326864?
6
What is the thousands digit of 27902763?
2
What is the hundred thousands digit of 42271144?
2
What is the tens digit of 155965883?
8
What is the hundred millions digit of 318987290?
3
What is the thousands digit of 2700721568?
1
What is the tens digit of 60924630?
3
What is the hundred thousands digit of 152353146?
3
What is the units digit of 2053549201?
1
What is the ten millions digit of 567742989?
6
What is the millions digit of 1572366366?
2
What is the thousands digit of 59472712?
2
What is the hundred thousands digit of 88365048?
3
What is the ten millions digit of 279812752?
7
What is the units digit of 1126753375?
5
What is the units digit of 486896371?
1
What is the ten thousands digit of 76431265?
3
What is the hundred thousands digit of 363023415?
0
What is the ten millions digit of 80277294?
8
What is the units digit of 1827035602?
2
What is the hundreds digit of 34603169?
1
What is the ten thousands digit of 6449195304?
9
What is the ten thousands digit of 357377757?
7
What is the ten millions digit of 68833645?
6
What is the units digit of 47836125?
5
What is the hundreds digit of 103379967?
9
What is the billions digit of 1896003182?
1
What is the ten millions digit of 1879399234?
7
What is the ten thousands digit of 30518060?
1
What is the hundred millions digit of 220905677?
2
What is the hundred thousands digit of 1983536529?
5
What is the ten thousands digit of 112523490?
2
What is the hundred thousands digit of 1322876243?
8
What is the ten thousands digit of 41886193?
8
What is the ten millions digit of 6993700134?
9
What is the tens digit of 20645419?
1
What is the ten millions digit of 20728459?
2
What is the hundred thousands digit of 5783383004?
3
What is the tens digit of 453474009?
0
What is the ten millions digit of 3912569147?
1
What is the hundred millions digit of 2055211233?
0
What is the ten millions digit of 32090687?
3
What is the ten thousands digit of 41110070?
1
What is the thousands digit of 226845344?
5
What is the ten millions digit of 76078937?
7
What is the ten millions digit of 82178295?
8
What is the millions digit of 127438386?
7
What is the tens digit of 2162728188?
8
What is the ten thousands digit of 41078480?
7
What is the hundred millions digit of 979258812?
9
What is the units digit of 72619587?
7
What is the millions digit of 306281015?
6
What is the units digit of 127353785?
5
What is the units digit of 61024605?
5
What is the ten millions digit of 545892399?
4
What is the thousands digit of 1522501969?
1
What is the hundred thousands digit of 292202990?
2
What is the ten thousands digit of 121721383?
2
What is the ten thousands digit of 434981861?
8
What is the hundred thousands digit of 406779400?
7
What is the units digit of 25282185?
5
What is the thousands digit of 49706945?
6
What is the ten thousands digit of 1267032040?
3
What is the ten millions digit of 255433706?
5
What is the ten thousands digit of 992230515?
3
What is the hundreds digit of 763922111?
1
What is the hundred millions digit of 4405834901?
4
What is the hundred millions digit of 730292138?
7
What is the ten thousands digit of 6854451?
5
What is the millions digit of 24348514?
4
What is the millions digit of 3556468896?
6
What is the tens digit of 68010921?
2
What is the units digit of 180555403?
3
What is the tens digit of 417611799?
9
What is the hundreds digit of 122133864?
8
What is the hundreds digit of 65204434?
4
What is the ten millions digit of 162961943?
6
What is the ten thousands digit of 172671906?
7
What is the hundreds digit of 89444210?
2
What is the tens digit of 199459300?
0
What is the millions digit of 4969485986?
9
What is the ten millions digit of 50659100?
5
What is the hundred millions digit of 532490036?
5
What is the ten millions digit of 3544040415?
4
What is the hundred thousands digit of 10102775?
1
What is the hundreds digit of 62926835?
8
What is the ten thousands digit of 109998501?
9
What is the units digit of 21950892?
2
What is the units digit of 39842890?
0
What is the thousands digit of 106538741?
8
What is the millions digit of 12630012?
2
What is the thousands digit of 3459110905?
0
What is the thousands digit of 403441364?
1
What is the hundreds digit of 1727688896?
8
What is the hundred thousands digit of 1517703496?
7
What is the ten thousands digit of 1638084874?
8
What is the hundreds digit of 664448412?
4
What is the ten millions digit of 294652462?
9
What is the units digit of 45905595?
5
What is the ten thousands digit of 88682321?
8
What is the ten thousands digit of 321920745?
2
What is the billions digit of 1394884794?
1
What is the units digit of 7291987910?
0
What is the units digit of 5006276?
6
What is the thousands digit of 284697430?
7
What is the ten millions digit of 219458471?
1
What is the hundreds digit of 3303808856?
8
What is the ten millions digit of 334706704?
3
What is the hundreds digit of 1379303666?
6
What is the hundred millions digit of 157312601?
1
What is the units digit of 31634436?
6
What is the hundred thousands digit of 591211995?
2
What is the hundred thousands digit of 9878127?
8
What is the millions digit of 1480189846?
0
What is the hundreds digit of 1613622?
6
What is the units digit of 47322810?
0
What is the units digit of 12016751?
1
What is the ten millions digit of 529572530?
2
What is the ten thousands digit of 159323427?
2
What is the ten thousands digit of 1911047695?
4
What is the tens digit of 5778957026?
2
What is the ten millions digit of 191511358?
9
What is the thousands digit of 853152588?
2
What is the millions digit of 17371706?
7
What is the millions digit of 695358194?
5
What is the millions digit of 76618096?
6
What is the hundred thousands digit of 392084514?
0
What is the millions digit of 26613934?
6
What is the hundreds digit of 1686688325?
3
What is the tens digit of 271780033?
3
What is the millions digit of 3240381121?
0
What is the tens digit of 1795061549?
4
What is the hundreds digit of 102910342?
3
What is the hundred thousands digit of 1946860610?
8
What is the millions digit of 246783385?
6
What is the ten thousands digit of 1469454?
6
What is the ten thousands digit of 4957687951?
8
What is the ten thousands digit of 51212340?
1
What is the ten thousands digit of 1094420424?
2
What is the hundreds digit of 164513962?
9
What is the ten thousands digit of 1378901438?
0
What is the ten thousands digit of 444479629?
7
What is the millions digit of 245513553?
5
What is the hundred millions digit of 2315604891?
3
What is the billions digit of 4249795326?
4
What is the thousands digit of 177875051?
5
What is the hundred thousands digit of 579390366?
3
What is the hundreds digit of 37082070?
0
What is the hundreds digit of 13345276?
2
What is the hundred millions digit of 534991753?
5
What is the hundred thousands digit of 580888074?
8
What is the hundred millions digit of 492444093?
4
What is the ten thousands digit of 2235432450?
3
What is the thousands digit of 107897884?
7
What is the ten thousands digit of 23592757?
9
What is the thousands digit of 532935622?
5
What is the ten millions digit of 362956380?
6
What is the hundred millions digit of 2168623557?
1
What is the millions digit of 44210029?
4
What is the hundred millions digit of 155648519?
1
What is the ten millions digit of 6734657162?
3
What is the hundred millions digit of 132547647?
1
What is the hundreds digit of 186999559?
5
What is the ten millions digit of 19046622?
1
What is the units digit of 54892990?
0
What is the millions digit of 47352783?
7
What is the thousands digit of 1147544335?
4
What is the thousands digit of 